is c(q)?
29
Let p be (0 + -4)*(-6)/(-4). Let y(b) = 4*b + 1. Let i(o) = -6*o - 25. Let x(a) = a + 5. Let v(g) = i(g) + 5*x(g). Let s(h) = p*v(h) - y(h). Give s(2).
3
Let z be ((-32)/(-36))/(2/9). Let x(a) = a**3 - 5*a**2 + 10*a - 13. Let j be x(z). Let l(u) = -u**2 + 12*u - 4. What is l(j)?
7
Let m be -8 - ((8 - 7) + (6 - 11)). Let u(h) = 3*h + 9. Determine u(m).
-3
Suppose 0 = -14*a + 57 + 41. Let z = 1 - -2. Let g(m) = -z*m + 3 + 4*m - 2*m. Give g(a).
-4
Let x(r) = 21*r - 41. Let p(q) = 11*q - 20. Let m(i) = -9*p(i) + 4*x(i). Calculate m(5).
-59
Let n(v) be the first derivative of v**4/4 - 8*v**3/3 + 7*v**2 + 13*v + 748. Give n(4).
5
Suppose 2*s + 8 = v, 95*s + 3*v = 90*s + 2. Let o(p) be the second derivative of p**3 - p**2/2 - 2*p. What is o(s)?
-13
Let b(n) = -10*n - 3*n - n - 340 + 343 + 13*n. Determine b(7).
-4
Let x(i) = -i**2 + 8*i - 3. Let z be x(6). Let u(b) be the first derivative of -3*b**2/2 + 10*b - 176293. Calculate u(z).
-17
Let g = -225 + 226. Let l(w) = 3*w**3 - 4*w**2 - 3*w + 9. Let o(t) = -t**3 - t**2 + t + 1. Let a(j) = g*l(j) + 4*o(j). Give a(-8).
5
Let w(l) be the third derivative of -7*l**4/24 + 38*l**3/3 - 2637*l**2. Give w(10).
6
Let m(g) = -69*g + 2*g**3 - 45 - 105438*g**2 - 92 + 105571*g**2. Determine m(-67).
-3
Let l(z) = -56*z - 3. Let c(i) = 67*i + 3. Let a(w) = 5*c(w) + 6*l(w). Give a(7).
-10
Let v(h) = 32*h**3 + h - 1. Let i be 5*(42/10 - 1). Suppose 14 = -2*g + i*g. Give v(g).
32
Let l(u) = 2*u**2 + 4*u + 2. Let g be l(-2). Suppose g*k - 3*k + 8 = f, f - 20 = -4*k. Let o(d) = 68*d - 25*d - 22*d + 2 - 20*d + 0*d**2 + d**2. Calculate o(f).
22
Let z(r) = 2*r**3 + r**2. Suppose -8*g - 2*g = -1680. Let b = g + -169. Calculate z(b).
-1
Let d(r) = -r**3 + 7*r**2 - 6*r + 1. Let q = -343 + 542. Suppose 10*a = -139 + q. Determine d(a).
1
Let s(l) = 13*l + 6. Let j(i) = i**2 + i - 9. Let n be j(-4). Let f(k) = 6*k - k - 7*k - 5*k - n. Let g(h) = 11*f(h) + 6*s(h). What is g(-7)?
-4
Let u(q) = -q**2 + 8*q + 31. Let j = -3192 - -3203. Determine u(j).
-2
Let j(b) be the second derivative of b**6/360 - b**5/30 + b**4/3 + b**3/3 - 5*b**2/2 + 10*b - 2. Let x(n) be the second derivative of j(n). Calculate x(6).
20
Suppose -30*v + 49 = -371. Let c(j) = -j**2 + 13*j - 43. Give c(v).
-57
Suppose -207 = -5*p - 2*j, 0 = 5*p + 1571*j - 1574*j - 177. Let d(g) = 2*g**3 - 79*g**2 + 34*g + 187. What is d(p)?
-8
Let t(l) be the second derivative of 3*l**4/4 + 2*l**3/3 + l**2/2 - 5283*l. Calculate t(3).
94
Suppose 6*q + 119 = 923. Let m(t) = -q*t**2 - t + 2*t + 132*t**2 - 1. Determine m(2).
-7
Let g(i) = 2. Let l(b) = b - 29. Let m(q) = -3*g(q) - l(q). Give m(26).
-3
Let x(z) = 7*z**3 + z**2 + z. Let h = 138 + -114. Suppose 2*q - 22 = -h. What is x(q)?
-7
Let s(a) = a**2 - 9*a - 18. Let f be s(16). Let p = 98 - f. Let w(q) = -q. Calculate w(p).
-4
Let m(z) = -z**2 + 12*z + 12. Suppose f - 19 = q, 19 = 2*f + q - 16. Calculate m(f).
-96
Let c(m) be the third derivative of -1/12*m**4 + 2*m**2 - 1/3*m**3 + 0*m + 31. Give c(-5).
8
Let v(j) be the second derivative of -j**5/10 + 8*j**4/3 - j**3/6 + 14*j**2 - 437*j + 8. Calculate v(16).
12
Let a(r) be the third derivative of r**6/40 - r**5/20 - r**4/6 - r**3/6 - 33*r**2 + 46. Calculate a(3).
41
Suppose 0 = 10*t + 32 - 52. Let y be (-2)/(-8) - 14/(-8). Let j = y - t. Let d(v) = v + 2. Determine d(j).
2
Let d(l) = l**2 + 2*l - 9. Let j(p) = -2*p**2 - p + 10. Let n(u) = -4*u**3 - u**2 - u + 3. Let z be n(1). Let m(r) = z*d(r) - 2*j(r). What is m(5)?
12
Let i = 58 - 64. Let m(t) be the second derivative of -t**5/20 - 7*t**4/12 - 5*t**3/3 - 3*t**2 + 99*t. What is m(i)?
18
Let n(j) = -87*j - 2084. Let z be n(-24). Let k(w) = -5*w - 4. What is k(z)?
-24
Let d(m) be the first derivative of 4*m**3/3 + 18*m**2 + 9*m + 426. Determine d(-11).
97
Let j(i) = 997 + 8*i - 12*i - 1005. Give j(-2).
0
Let p = 1945 + -1937. Let h(k) = -3*k**3 + 23*k**2 + 9*k - 10. Determine h(p).
-2
Let u be (-5 - -1) + (4 - -2). Let i(v) = 3*v**3 - 15*v**u + 6*v**2 + 4*v + 6*v**2 - 3. Give i(2).
17
Let m = 1 + -6. Let h(y) be the third derivative of -y**5/60 - y**4/8 - 5*y**3/6 - 2*y**2 - 422*y - 17. Give h(m).
-15
Let k = -52 - -54. Let c be 10 + (k - 6) + -1. Suppose 51*m - 52*m = -c. Let a(l) = -l**2 + 4*l + 2. Determine a(m).
-3
Let c = 334 - 327. Suppose 2*h = t - c + 3, 0 = h - 3*t + 12. Let u(z) = z**3 + 20. Calculate u(h).
20
Suppose 5*x + 15 - 35 = -5*d, -x = 2*d - 3. Suppose x*l - 9 = 6. Suppose 3*p = -6, -p - 30 = -l*q + 2*p. Let f(o) = o**2 - 8*o - 2. Determine f(q).
-2
Let w(r) = -r**2 + 7*r. Let c = -1178 - -1244. Let q be (-2)/(-5) + 208/5. Suppose 4*v - c = -q. What is w(v)?
6
Let i(a) = a**2 + 11*a + 49. Suppose 8*n - 18 + 50 = 0. Calculate i(n).
21
Suppose -5*r - 13 = -p, 2*r - 5*p + 17 = r. Let q(u) = 9*u**2 - 3*u + 9. Let c(h) = 5*h**2 - 2*h + 5. Let a(z) = -7*c(z) + 4*q(z). What is a(r)?
1
Let g(d) = -110*d**2 + 8 + 111*d**2 + 27904*d - 27898*d. Let c be (4/(-3))/(2/9). Give g(c).
8
Let l(w) = -6*w - 9. Suppose 41*s + 60 = 26*s. Let u be -1*((-38)/s + 1/2). What is l(u)?
51
Let w(b) = 32897*b - 65793*b + 21 + 32906*b + 2. Calculate w(-3).
-7
Let o(g) = -11*g**2 - 7*g - 5. Let l be (2/1)/(((-52)/13)/(0 + 2)). What is o(l)?
-9
Suppose -4*t - 18 = 2*j, t + j + 0 = -7. Suppose -83 = -2*n - 71. Let m(c) = 2*c**3 - n*c**2 - 1 + 21*c + 4*c**2 - 24*c + 3*c**2. Give m(t).
-7
Let t(q) = -36*q + 2046. Let a be t(57). Let z(h) = 8*h + 32. Give z(a).
-16
Let z(w) = -14*w + 33. Suppose 13*c + 9*c = 17*c + 40. Give z(c).
-79
Let k(s) = -s**3 + s - 1. Let u(g) be the third derivative of -g**6/120 + g**5/5 - 17*g**4/12 - 2*g**3 + 12*g**2 - 2*g. Let i be u(6). Give k(i).
-1
Let n(t) = t**3 + 8*t**2 - 6*t + 16. Suppose 7*y - 30*y - 171 = -4*y. Give n(y).
-11
Suppose -43 = 5*v - 13. Let a(u) = -u**2 + 6*u + 17. Let x be a(8). Let o(l) = -20 - x + 8 - l. Give o(v).
-7
Let a(q) = q - 1. Let t(i) = 2*i - 2. Suppose f - 28 = -3*h, -f + 3*h + 38 - 10 = 0. Let x be ((-16)/f - 22/(-14))*-3. Let l(s) = x*a(s) + 2*t(s). What is l(1)?
0
Let y = -3 - -10. Let f(i) = i**3 + 3*i**2 - 5*i - 8. Let n be f(-3). Let h(v) = 5*v + 6*v**2 + 2 + 4*v**3 + 0*v**3 + 2*v**3 + 4 - n*v**3. Calculate h(y).
-8
Suppose -l + 3*b + 27 = 0, -2*b = -5*l - 3*b + 55. Let j(f) be the first derivative of f**2/2 - 2*f + 2204. Give j(l).
10
Let p(i) = -13*i - 4. Suppose -f = 4*k + 26, -2*k - 22 = -f + 3*f. Determine p(f).
74
Let q(x) = -2*x**2 - 34*x + 169. Suppose 195*o - p = 193*o - 36, -5*o - p - 111 = 0. Determine q(o).
1
Let v be 37 - 48 - (-68)/4. Let f(b) = -b**3 + 4*b**2 + 9*b + 27. Determine f(v).
9
Suppose 4*s = -s + 115. Suppose 3*u - s + 11 = 0. Let y(c) = -c**3 + 4*c**2 + c - 5. Give y(u).
-1
Let p(x) = 6*x. Let t(v) = -v**3 + 21*v**2 + 5*v - 103. Let n = -199 + 220. Let i be t(n). What is p(i)?
12
Let h be ((-21)/28)/(2/(-8)). Let l(c) = -c**2 + 2 + 6*c**2 - 3*c**2 + h*c + 1. Let i be ((-92)/(-8) - 12)*4. Give l(i).
5
Let r(w) = 2*w**3 - 3*w**2. Let a(c) = -13*c + 64. Let g be a(5). Let z be -2 + g + (55 - 50). Determine r(z).
4
Let w(f) = 2*f - 46. Suppose x = -4*p - 2*x + 95, -3*p + 64 = -5*x. Let m be w(p). Let d(t) = 2*t**2 + 1. Give d(m).
1
Suppose 0 = 4*o - 105 - 163. Let r(j) = 62*j + 3 + o*j - 130*j. What is r(4)?
-1
Let u(s) = -17*s - 23*s**2 - 10 + 81*s**3 - 164*s**3 - 37 + 81*s**3. Give u(-11).
19
Suppose -3*f - 2 = -5. Let x(a) be the second derivative of -7*a**3/6 + a**2 - 641*a + 3. Calculate x(f).
-5
Let y(g) = 2*g**2 - 5. Let b(z) = -140*z + 283. Let h be b(2). What is y(h)?
13
Suppose 0 = 2*d + 6, -3*m - 4*d + d - 12 = 0. Let x be 20/(-24)*(-5 + m). Let h(i) = i - 103 + 100 - i**2 - i + x*i. Determine h(4).
1
Let x(m) be the second derivative of m**3/2 + 85*m**2/2 + 3*m + 343. Determine x(-26).
7
Let y(g) = -g**3 - 6*g**2 - 9*g + 7. Let q(a) = -2 - 8*a - a**3 - 6 + 4 + 5 - 6*a**2 + 6. Let w(o) = -6*q(o) + 5*y(o). What is w(-5)?
3
Let a(h) = h**3 - h**2 - h + 1. Let b(w) = 1 + 29*w**2 - 55*w**2 + 24*w**2. Let o(i) = -a(i) + 2*b(i). Calculate o(-3).
-2
Let k = 44 + -43. Suppose 0 = 6*j + 13 - k. Let b(w) be the third derivative of w**5/60 - w**4/12 - w**3/3 - 11*w**2. Calculate b(j).
6
Let g(q) = 11 - 15*q + 59*q - 22*q - 12*q + 2*q**2. Give g(-8).
59
Suppose 28*l = 9*l - 1520. Let n = -82 - l. Let f(x) = 5*x**2 + 2*x + 1. What is f(n)?